/(44/b))/((-2)/(-4))?
2
Let o be (-120)/(-36) - 2/(-3). What is the units digit of -10*(o + (-197)/2)?
5
Suppose -5*c + 3*r + 44665 = 0, -c + 8933 = -51*r + 54*r. What is the tens digit of c?
3
Suppose i + 2*i - 36 = 0. Suppose -4*d = 5*r + 803, 0*d = 4*d - 2*r + 782. Let g = i - d. What is the tens digit of g?
0
Let q(m) = 1543*m**2 + 611*m - 1844. What is the units digit of q(3)?
6
Let d(y) be the third derivative of 4*y**5/15 + y**4/6 + y**3/3 - 16*y**2. What is the tens digit of d(-5)?
8
Suppose 5*x = 19 + 11. What is the hundreds digit of (-2 + (7 - x))*-357?
3
Suppose -5 = 5*j - 25. Let k(h) = 25*h**2 - 3*h - 6. Let o be k(2). Suppose -380 = -j*i + o. What is the units digit of i?
7
Let o be 3/((-21)/(-174433)) - (0 - -1). Let l be 2/5 + (o/30 - 8). Let a = -559 + l. What is the tens digit of a?
6
Let g(f) = -8*f**3 - 11*f**2 - 14*f - 2. Let p be g(-6). Suppose -466 = -10*v + p. Suppose 8*y - v = 4*y. What is the units digit of y?
7
Let f = -7 + 14. Suppose -f*b = -4*b - 96. Let k = b + 80. What is the tens digit of k?
1
Suppose 58*q - 145980 - 236704 = 0. What is the tens digit of q?
9
Suppose 17*g = 28*g - 6017. Let f = g + -340. What is the units digit of f?
7
Let u be (435/(-2))/((-567)/(-36) + -16). Suppose 0 = 23*w - 2902 - u. What is the tens digit of w?
6
Let o = -86 + 145. Suppose 3*w = z - o, 0 = -3*z + z - w + 125. Suppose 2*y + 4*s = 216, -2*y - 2*s = -160 - z. What is the tens digit of y?
1
What is the thousands digit of (-4 - -4 - -1)/((-26)/(-113672))?
4
Suppose 4*y - 5*c = -8*c + 44452, -44452 = -4*y + 4*c. What is the thousands digit of y?
1
Let z be 1174/26 - (-1 + (-60)/(-52)). Suppose -5*g = -3*r + 1843, -2*r = 43*g - z*g - 1226. What is the hundreds digit of r?
6
Let f(c) = 91*c**2 - 10*c - 172. What is the tens digit of f(-26)?
0
Let b(n) = 38*n**2 + 55*n + 407. What is the hundreds digit of b(-10)?
6
Let v(z) = -4*z**2 + 87*z + 1. Suppose 20*g = -23*g + 860. What is the hundreds digit of v(g)?
1
Suppose 59*m = -4*z + 63*m + 115988, 3*z = -4*m + 86935. What is the tens digit of z?
8
Suppose -3*j = 5*k - 3*k + 4, k - 3 = j. Let x = 2799 + -2710. Let t = x + k. What is the units digit of t?
0
Let l(r) = 1071*r**2 - 103*r - 300. What is the thousands digit of l(-3)?
9
Let g = -89 - -93. Suppose 132 - 23 = g*a + z, -2*z = -a + 25. What is the units digit of 6/2*846/a?
4
Suppose 2*b = 4*d + d + 310, -2*d = -b + 123. Let p = 27 + d. Let h = -9 - p. What is the tens digit of h?
2
Suppose -10 = 2*m, 3*f - 19534 = 9*m - 13*m. What is the hundreds digit of f?
5
Let a(s) = -2*s - 5. Let p be a(-5). Let g be 5/(-2)*(-4)/p. Suppose -i + k = g*k - 65, -4*i = 5*k - 256. What is the units digit of i?
9
Let f = -184 - -190. What is the units digit of f + (-4)/4 - -205?
0
Let k(h) = h**3 + 51*h**2 - 122*h - 155. What is the hundreds digit of k(-48)?
6
Let a(q) = q**3 - 4*q**2 + 5*q + 7. Let o be a(4). Suppose 29*d - o*d = 18. What is the units digit of (-11)/(132/(-232))*d/2?
7
Let y be (1/(-2))/((-2)/24). Let g(s) = 2*s**2 - s - 50. Let m(v) = -3*v**2 + 2*v + 55. Let z(o) = -6*g(o) - 5*m(o). What is the hundreds digit of z(y)?
1
Let z(u) = 11*u**2 + 197*u - 10. What is the tens digit of z(-21)?
0
Let s(v) = -2*v**2 - 13*v - 21. Let o(z) = 6 + 5 - 12. Let n(p) = 2*o(p) - s(p). What is the tens digit of n(-11)?
1
Let d(a) be the second derivative of 55*a**4/12 - a**3 + 29*a**2/2 - 4*a + 3. What is the units digit of d(3)?
6
Let p(n) = -95*n + 96*n + 27*n**2 - 2 - 2. What is the units digit of p(-4)?
4
Let y(d) = d**2 - 9*d + 18. Let o be (-85)/(-10) + 3/2. Let g be o*(24/10)/2. What is the units digit of y(g)?
4
Suppose -4792164 = -167*g - 934069 + 2928618. What is the units digit of g?
9
Let w(d) = d + 500. Let z be w(0). Suppose 2*f = -3*f - z. What is the tens digit of f/6*54/(-12)?
7
Suppose 5*o = 4*n + 9*o - 8412, -4*n + 5*o + 8466 = 0. What is the hundreds digit of n?
1
Suppose -3*y + 300 = -a, 5*y - a = 281 + 219. What is the units digit of (1 + (36/8 - -2))*y?
0
Let f(y) = -77*y**3 + 4*y**2 + 5*y + 1. Let t be f(-2). Let r = -300 + t. Let i = r - 158. What is the tens digit of i?
6
Let n(y) = -10*y**3 - 4*y - 23. Let x be n(-4). Let w = 1684 - x. What is the hundreds digit of w?
0
Let v = -48 - -49. Let t be (46 + v + -2)*-1. Let b = 0 - t. What is the tens digit of b?
4
Let f(o) = -o**2 + 174*o - 1633. What is the units digit of f(94)?
7
Let u = 15512 - 9259. What is the tens digit of u?
5
Let t = 189 + -161. Suppose -24*a - 1100 = -t*a. What is the hundreds digit of a?
2
Suppose 19 = v + 25. Let x(n) = -69*n - 19. What is the tens digit of x(v)?
9
Let v = -1716 + 1164. Let l = -140 - v. What is the hundreds digit of l?
4
Let s = 6779 - -2751. What is the thousands digit of s?
9
Let g = -18 - -15. What is the hundreds digit of 2/g*-426 + (-4)/(-1)?
2
Suppose -5*n = i - 98656, n + 4*i - 24478 = -4762. What is the ten thousands digit of n?
1
Suppose 13*v = 9*v - 2*y + 3092, 2*v - 1546 = y. What is the units digit of v?
3
Suppose -3*i = 2*o + 4095, i - 1846 = -3*o - 7978. Let w be 8/(-12)*o/6. Let k = -131 + w. What is the units digit of k?
6
Suppose -2*r + 4*y - 114 = 0, 0 = -5*y + 2*y. Let t = r + 136. What is the tens digit of t?
7
Let y = -8630 - -30511. What is the ten thousands digit of y?
2
Let g(h) = h**2 + h - 1. Let l(m) = -m**3 + 3*m**2 + 5*m + 3. Let z(a) = -g(a) + l(a). Let d be z(-2). What is the tens digit of (5 - d)/(1/(-3))?
2
What is the thousands digit of ((-1683738)/35)/(-7) - -6*(-4)/(-40)?
6
Let w be ((-1)/(-2))/((-24)/(-48)) + -91. Suppose -2*z - 18 = -0. What is the units digit of (-5060)/w + 2/z?
6
Let c(r) = 2*r + 11. Let f be c(-3). Suppose f = -v, -3*v - 116 - 143 = -2*g. Suppose 2*o - 88 = -o - a, 4*o - a - g = 0. What is the tens digit of o?
3
Suppose 34 = m - 48. Suppose 7*g - 677 = -m. Suppose g = 3*t + 22. What is the units digit of t?
1
Suppose t + 5*q = 89065, -4*q = 24 + 8. What is the units digit of t?
5
Let s(p) = -p**3 + 8*p**2 - 3*p + 28. Let d be s(8). Let c(g) = 14*g**2 + g + 3. What is the units digit of c(d)?
1
What is the thousands digit of (((-14)/56)/(6/(-512)))/((-3)/(-981))?
6
What is the thousands digit of ((-5)/(75/57))/(-2*(-7)/(-5810))?
1
Let q(g) be the first derivative of -13*g**4/4 + g**3 - g**2/2 + 4*g + 20. Let w be q(2). Let b = -57 - w. What is the tens digit of b?
3
Let i = 32641 + 14826. What is the tens digit of i?
6
Let y = 10161 + 2382. What is the hundreds digit of y?
5
Let i = 3040 - 2781. Suppose j - 3 = -1. Suppose r - i = -j*z, z + 2*r + 498 = 5*z. What is the tens digit of z?
2
Let n = -20017 + 34187. What is the ten thousands digit of n?
1
Suppose -3*j - 2*s = -12, j + 0 - 4 = -3*s. Suppose -4*v - j*i + 376 = 0, 3*v - 189 = v - 3*i. Suppose -v = -6*m + 135. What is the tens digit of m?
3
Suppose -286 = -41*m + 1. Let f = 1 - -14. What is the units digit of (m + f/3)*(-25)/(-2)?
0
Suppose 6*f = 4*f + 4. Suppose -377 - 179 = -5*n - f*l, -4*n + 2*l = -434. What is the tens digit of n?
1
Let v = -923 + 2300. What is the units digit of v?
7
What is the tens digit of 1369 - ((-16)/4 - 24/6)?
7
What is the hundreds digit of (1395594/(-483))/(6/(-28))?
4
Suppose -158*l + 50898 + 219177 = -143*l. What is the thousands digit of l?
8
Suppose 3*z = 4*i + 13, 3*z + 3*i = 2*z. Let c(g) be the third derivative of 11*g**5/60 - g**4/24 - 5*g**3/6 + 4*g**2 - 48. What is the tens digit of c(z)?
9
Let u = 89397 - 55254. What is the tens digit of u?
4
Let c = -3186 + 14252. What is the ten thousands digit of c?
1
Let o = 9 + 28. Let z = 43 - o. Suppose m - 14 = z. What is the tens digit of m?
2
Let c = 575 + -547. Suppose 42*y - c*y = 20846. What is the units digit of y?
9
Let n = 55575 + 24593. What is the units digit of n?
8
Let c = -69407 - -104595. What is the ten thousands digit of c?
3
Let p(b) = -6254*b - 52. What is the hundreds digit of p(-1)?
2
Let d = 16511 + -3515. What is the units digit of d?
6
Let u be 17 + (5 - (-4 - -9)). Let n(p) = -p**3 + 17*p**2 + 25*p - 25. What is the units digit of n(u)?
0
Let i = -312 + 82. Let w be (4/(-6))/(4 + i/57). Let h(g) = g**3 - 17*g**2 - 38*g + 26. What is the tens digit of h(w)?
2
Suppose -870*y + 8144 = -866*y. Suppose 0 = -5*v - z + 1481 + 1064, 5*z + y = 4*v. What is the hundreds digit of v?
5
Suppose 3*j + 9255 = 3*k, 